{"id":16507,"date":"2025-08-05T05:09:23","date_gmt":"2025-08-05T03:09:23","guid":{"rendered":"https:\/\/136.119.118.83\/?page_id=16507"},"modified":"2025-08-05T18:32:23","modified_gmt":"2025-08-05T16:32:23","slug":"16507-2","status":"publish","type":"page","link":"https:\/\/vpacademica.unah.edu.pe\/?page_id=16507","title":{"rendered":"Acerca del VPA"},"content":{"rendered":"<div class=\"wp-block-group alignfull is-content-justification-center\" style=\"margin-top:0;margin-bottom:0;padding-top:calc( 0.5 * var(--wp--style--root--padding-right, var(--wp--custom--gap--horizontal)));padding-right:var(--wp--style--root--padding-right, var(--wp--custom--gap--horizontal));padding-bottom:calc( 0.5 * var(--wp--style--root--padding-right, var(--wp--custom--gap--horizontal)));padding-left:var(--wp--style--root--padding-left, var(--wp--custom--gap--horizontal))\"><div class=\"wp-block-group__inner-container is-layout-constrained wp-container-core-group-is-layout-b073b61b wp-block-group-is-layout-constrained\"><div style=\"height:calc( 0.25 * var(--wp--style--root--padding-right, var(--wp--custom--gap--horizontal)))\" aria-hidden=\"true\" class=\"wp-block-spacer\"><\/div>\n\n<div class=\"wp-block-columns alignwide are-vertically-aligned-center is-layout-flex wp-container-core-columns-is-layout-6aa4370a wp-block-columns-is-layout-flex\"><div class=\"wp-block-column is-vertically-aligned-center is-layout-flow wp-block-column-is-layout-flow\"><figure class=\"wp-block-image size-full\"><img fetchpriority=\"high\" decoding=\"async\" width=\"1280\" height=\"960\" src=\"http:\/\/136.119.118.83\/wp-content\/uploads\/2025\/08\/486610953_122211741080114849_6205105719655079334_n.jpg\" alt=\"\" class=\"wp-image-16682\" style=\"aspect-ratio:1;object-fit:cover\" srcset=\"https:\/\/vpacademica.unah.edu.pe\/wp-content\/uploads\/2025\/08\/486610953_122211741080114849_6205105719655079334_n.jpg 1280w, https:\/\/vpacademica.unah.edu.pe\/wp-content\/uploads\/2025\/08\/486610953_122211741080114849_6205105719655079334_n-300x225.jpg 300w, https:\/\/vpacademica.unah.edu.pe\/wp-content\/uploads\/2025\/08\/486610953_122211741080114849_6205105719655079334_n-1024x768.jpg 1024w, https:\/\/vpacademica.unah.edu.pe\/wp-content\/uploads\/2025\/08\/486610953_122211741080114849_6205105719655079334_n-768x576.jpg 768w, https:\/\/vpacademica.unah.edu.pe\/wp-content\/uploads\/2025\/08\/486610953_122211741080114849_6205105719655079334_n-100x75.jpg 100w, https:\/\/vpacademica.unah.edu.pe\/wp-content\/uploads\/2025\/08\/486610953_122211741080114849_6205105719655079334_n-600x450.jpg 600w\" sizes=\"(max-width: 1280px) 100vw, 1280px\" \/><\/figure><\/div>\n\n<div class=\"wp-block-column is-vertically-aligned-center is-layout-flow wp-block-column-is-layout-flow\"><h2 class=\"wp-block-heading alignwide has-black-color has-text-color has-link-color wp-elements-ca203bcbf0f2273ff3c84b1c645dd2e7\">Acerca de la Vicepresidencia Acad\u00e9mica<\/h2>\n\n<p class=\"has-text-align-left has-black-color has-text-color has-link-color wp-elements-9ef246bbd6cba890230c59cd77eb2b9f\">Es el \u00f3rgano de alta direcci\u00f3n en el \u00e1mbito acad\u00e9mico, responsable de formular, dirigir, ejecutar y supervisar las pol\u00edticas de formaci\u00f3n acad\u00e9mica de modo participativo, tanto del pregrado, posgrado en sus modalidades formativas, buscando garantizar la calidad de las mismas.<\/p><\/div><\/div>\n\n<div style=\"height:calc( 0.25 * var(--wp--style--root--padding-right, var(--wp--custom--gap--horizontal)))\" aria-hidden=\"true\" class=\"wp-block-spacer\"><\/div><\/div><\/div><div class=\"wp-block-group alignfull is-content-justification-center\" style=\"margin-top:0;margin-bottom:0;padding-top:calc( 0.5 * var(--wp--style--root--padding-right, var(--wp--custom--gap--horizontal)));padding-right:var(--wp--style--root--padding-right, var(--wp--custom--gap--horizontal));padding-bottom:calc( 0.5 * var(--wp--style--root--padding-right, var(--wp--custom--gap--horizontal)));padding-left:var(--wp--style--root--padding-left, var(--wp--custom--gap--horizontal))\"><div class=\"wp-block-group__inner-container is-layout-constrained wp-container-core-group-is-layout-b073b61b wp-block-group-is-layout-constrained\"><div style=\"height:calc( 0.25 * var(--wp--style--root--padding-right, var(--wp--custom--gap--horizontal)))\" aria-hidden=\"true\" class=\"wp-block-spacer\"><\/div>\n\n<div class=\"wp-block-columns alignwide are-vertically-aligned-center is-layout-flex wp-container-core-columns-is-layout-6aa4370a wp-block-columns-is-layout-flex\"><div class=\"wp-block-column is-vertically-aligned-center is-layout-flow wp-block-column-is-layout-flow\"><h2 class=\"wp-block-heading alignwide has-black-color has-text-color has-link-color wp-elements-88ebb96ac88e8d5b9050fb79542db9f1\">Pol\u00edticas<\/h2>\n\n<ul class=\"wp-block-list has-black-color has-text-color has-link-color wp-elements-c357fe6248336c66e69cb5f2de167988\"><li>Excelencia acad\u00e9mica.<\/li>\n\n<li>Creatividad e Innovaci\u00f3n educativa.<\/li>\n\n<li>Calidad en los procesos acad\u00e9micos y de gesti\u00f3n administrativa.<\/li>\n\n<li>Responsabilidad social y Desarrollo sostenible.<\/li>\n\n<li>Liderazgo y \u00e9tica profesional.<\/li>\n\n<li>Interculturalidad y respeto a la diversidad.<\/li>\n\n<li>Calidad de vida en la comunidad universitaria.<\/li>\n\n<li>Movilidad Acad\u00e9mica.<\/li>\n\n<li>Acceso a la educaci\u00f3n universitaria de calidad, sin discriminaci\u00f3n ni exclusi\u00f3n.<\/li>\n\n<li>Procesos de admisi\u00f3n de postulantes con mejores aptitudes para el desarrollo exitoso de su formaci\u00f3n profesional.<\/li>\n\n<li>Formaci\u00f3n de calidad a los estudiantes que aspiran ingresar a la educaci\u00f3n universitaria.<\/li><\/ul><\/div>\n\n<div class=\"wp-block-column is-vertically-aligned-center is-layout-flow wp-block-column-is-layout-flow\"><figure class=\"wp-block-image size-full\"><img decoding=\"async\" width=\"2048\" height=\"1365\" src=\"http:\/\/136.119.118.83\/wp-content\/uploads\/2025\/08\/479946641_122203733060114849_3391616518113936236_n.jpg\" alt=\"\" class=\"wp-image-16683\" style=\"aspect-ratio:1;object-fit:cover\" srcset=\"https:\/\/vpacademica.unah.edu.pe\/wp-content\/uploads\/2025\/08\/479946641_122203733060114849_3391616518113936236_n.jpg 2048w, https:\/\/vpacademica.unah.edu.pe\/wp-content\/uploads\/2025\/08\/479946641_122203733060114849_3391616518113936236_n-300x200.jpg 300w, https:\/\/vpacademica.unah.edu.pe\/wp-content\/uploads\/2025\/08\/479946641_122203733060114849_3391616518113936236_n-1024x683.jpg 1024w, https:\/\/vpacademica.unah.edu.pe\/wp-content\/uploads\/2025\/08\/479946641_122203733060114849_3391616518113936236_n-768x512.jpg 768w, https:\/\/vpacademica.unah.edu.pe\/wp-content\/uploads\/2025\/08\/479946641_122203733060114849_3391616518113936236_n-100x67.jpg 100w, https:\/\/vpacademica.unah.edu.pe\/wp-content\/uploads\/2025\/08\/479946641_122203733060114849_3391616518113936236_n-1536x1024.jpg 1536w, https:\/\/vpacademica.unah.edu.pe\/wp-content\/uploads\/2025\/08\/479946641_122203733060114849_3391616518113936236_n-600x400.jpg 600w\" sizes=\"(max-width: 2048px) 100vw, 2048px\" \/><\/figure><\/div><\/div>\n\n<div style=\"height:calc( 0.25 * var(--wp--style--root--padding-right, var(--wp--custom--gap--horizontal)))\" aria-hidden=\"true\" class=\"wp-block-spacer\"><\/div><\/div><\/div><div class=\"wp-block-group alignfull is-content-justification-center\" style=\"margin-top:0;margin-bottom:0;padding-top:calc( 0.5 * var(--wp--style--root--padding-right, var(--wp--custom--gap--horizontal)));padding-right:var(--wp--style--root--padding-right, var(--wp--custom--gap--horizontal));padding-bottom:calc( 0.5 * var(--wp--style--root--padding-right, var(--wp--custom--gap--horizontal)));padding-left:var(--wp--style--root--padding-left, var(--wp--custom--gap--horizontal))\"><div class=\"wp-block-group__inner-container is-layout-constrained wp-container-core-group-is-layout-b073b61b wp-block-group-is-layout-constrained\"><div style=\"height:calc( 0.25 * var(--wp--style--root--padding-right, var(--wp--custom--gap--horizontal)))\" aria-hidden=\"true\" class=\"wp-block-spacer\"><\/div>\n\n<div class=\"wp-block-columns alignwide are-vertically-aligned-center is-layout-flex wp-container-core-columns-is-layout-6aa4370a wp-block-columns-is-layout-flex\"><div class=\"wp-block-column is-vertically-aligned-center is-layout-flow wp-block-column-is-layout-flow\"><figure class=\"wp-block-image size-full\"><img decoding=\"async\" width=\"2048\" height=\"1365\" src=\"http:\/\/136.119.118.83\/wp-content\/uploads\/2025\/08\/506608504_122227034210114849_5053328831819493600_n.jpg\" alt=\"\" class=\"wp-image-16684\" style=\"aspect-ratio:1;object-fit:cover\" srcset=\"https:\/\/vpacademica.unah.edu.pe\/wp-content\/uploads\/2025\/08\/506608504_122227034210114849_5053328831819493600_n.jpg 2048w, https:\/\/vpacademica.unah.edu.pe\/wp-content\/uploads\/2025\/08\/506608504_122227034210114849_5053328831819493600_n-300x200.jpg 300w, https:\/\/vpacademica.unah.edu.pe\/wp-content\/uploads\/2025\/08\/506608504_122227034210114849_5053328831819493600_n-1024x683.jpg 1024w, https:\/\/vpacademica.unah.edu.pe\/wp-content\/uploads\/2025\/08\/506608504_122227034210114849_5053328831819493600_n-768x512.jpg 768w, https:\/\/vpacademica.unah.edu.pe\/wp-content\/uploads\/2025\/08\/506608504_122227034210114849_5053328831819493600_n-100x67.jpg 100w, https:\/\/vpacademica.unah.edu.pe\/wp-content\/uploads\/2025\/08\/506608504_122227034210114849_5053328831819493600_n-1536x1024.jpg 1536w, https:\/\/vpacademica.unah.edu.pe\/wp-content\/uploads\/2025\/08\/506608504_122227034210114849_5053328831819493600_n-600x400.jpg 600w\" sizes=\"(max-width: 2048px) 100vw, 2048px\" \/><\/figure><\/div>\n\n<div class=\"wp-block-column is-vertically-aligned-center is-layout-flow wp-block-column-is-layout-flow\"><h2 class=\"wp-block-heading alignwide has-black-color has-text-color has-link-color wp-elements-14b798683acb4c88a2912b773fb2d5e3\">Ejes Estrat\u00e9gicos<\/h2>\n\n<ul class=\"wp-block-list has-black-color has-text-color has-link-color wp-elements-eaaa8c5af8a6029fe7f8b55dbbd5129d\"><li>Formaci\u00f3n acad\u00e9mica<\/li>\n\n<li>Investigaci\u00f3n cient\u00edfica, tecnol\u00f3gica y human\u00edstica<\/li>\n\n<li>Responsabilidad social universitaria<\/li>\n\n<li>Gesti\u00f3n institucional<\/li><\/ul><\/div><\/div>\n\n<div style=\"height:calc( 0.25 * var(--wp--style--root--padding-right, var(--wp--custom--gap--horizontal)))\" aria-hidden=\"true\" class=\"wp-block-spacer\"><\/div><\/div><\/div><p><\/p>","protected":false},"excerpt":{"rendered":"<p>Acerca de la Vicepresidencia Acad\u00e9mica Es el \u00f3rgano de alta direcci\u00f3n en el \u00e1mbito acad\u00e9mico, responsable de formular, dirigir, ejecutar y supervisar las pol\u00edticas de formaci\u00f3n acad\u00e9mica de modo participativo,&#8230;<\/p>\n","protected":false},"author":1,"featured_media":0,"parent":0,"menu_order":0,"comment_status":"closed","ping_status":"closed","template":"","meta":{"footnotes":""},"class_list":["post-16507","page","type-page","status-publish","hentry"],"_links":{"self":[{"href":"https:\/\/vpacademica.unah.edu.pe\/index.php?rest_route=\/wp\/v2\/pages\/16507","targetHints":{"allow":["GET"]}}],"collection":[{"href":"https:\/\/vpacademica.unah.edu.pe\/index.php?rest_route=\/wp\/v2\/pages"}],"about":[{"href":"https:\/\/vpacademica.unah.edu.pe\/index.php?rest_route=\/wp\/v2\/types\/page"}],"author":[{"embeddable":true,"href":"https:\/\/vpacademica.unah.edu.pe\/index.php?rest_route=\/wp\/v2\/users\/1"}],"replies":[{"embeddable":true,"href":"https:\/\/vpacademica.unah.edu.pe\/index.php?rest_route=%2Fwp%2Fv2%2Fcomments&post=16507"}],"version-history":[{"count":13,"href":"https:\/\/vpacademica.unah.edu.pe\/index.php?rest_route=\/wp\/v2\/pages\/16507\/revisions"}],"predecessor-version":[{"id":16685,"href":"https:\/\/vpacademica.unah.edu.pe\/index.php?rest_route=\/wp\/v2\/pages\/16507\/revisions\/16685"}],"wp:attachment":[{"href":"https:\/\/vpacademica.unah.edu.pe\/index.php?rest_route=%2Fwp%2Fv2%2Fmedia&parent=16507"}],"curies":[{"name":"wp","href":"https:\/\/api.w.org\/{rel}","templated":true}]}}