{"id":16510,"date":"2025-08-05T05:11:45","date_gmt":"2025-08-05T03:11:45","guid":{"rendered":"https:\/\/136.119.118.83\/?page_id=16510"},"modified":"2025-08-05T17:25:03","modified_gmt":"2025-08-05T15:25:03","slug":"16510-2","status":"publish","type":"page","link":"https:\/\/vpacademica.unah.edu.pe\/?page_id=16510","title":{"rendered":"Vicepresidencia Acad\u00e9mica"},"content":{"rendered":"<div class=\"wp-block-group alignfull is-content-justification-center\" style=\"margin-top:0;margin-bottom:0;padding-top:calc( 0.5 * var(--wp--style--root--padding-right, var(--wp--custom--gap--horizontal)));padding-right:var(--wp--style--root--padding-right, var(--wp--custom--gap--horizontal));padding-bottom:calc( 0.5 * var(--wp--style--root--padding-right, var(--wp--custom--gap--horizontal)));padding-left:var(--wp--style--root--padding-left, var(--wp--custom--gap--horizontal))\"><div class=\"wp-block-group__inner-container is-layout-constrained wp-container-core-group-is-layout-b073b61b wp-block-group-is-layout-constrained\"><div style=\"height:calc( 0.25 * var(--wp--style--root--padding-right, var(--wp--custom--gap--horizontal)))\" aria-hidden=\"true\" class=\"wp-block-spacer\"><\/div>\n\n<div class=\"wp-block-columns alignwide are-vertically-aligned-center is-layout-flex wp-container-core-columns-is-layout-6aa4370a wp-block-columns-is-layout-flex\"><div class=\"wp-block-column is-vertically-aligned-center is-layout-flow wp-block-column-is-layout-flow\"><figure class=\"wp-block-image size-full\"><img fetchpriority=\"high\" decoding=\"async\" width=\"1194\" height=\"1194\" src=\"http:\/\/136.119.118.83\/wp-content\/uploads\/2025\/08\/VPA_UNAH_F.png\" alt=\"\" class=\"wp-image-16659\" style=\"aspect-ratio:1;object-fit:cover\" srcset=\"https:\/\/vpacademica.unah.edu.pe\/wp-content\/uploads\/2025\/08\/VPA_UNAH_F.png 1194w, https:\/\/vpacademica.unah.edu.pe\/wp-content\/uploads\/2025\/08\/VPA_UNAH_F-300x300.png 300w, https:\/\/vpacademica.unah.edu.pe\/wp-content\/uploads\/2025\/08\/VPA_UNAH_F-1024x1024.png 1024w, https:\/\/vpacademica.unah.edu.pe\/wp-content\/uploads\/2025\/08\/VPA_UNAH_F-150x150.png 150w, https:\/\/vpacademica.unah.edu.pe\/wp-content\/uploads\/2025\/08\/VPA_UNAH_F-768x768.png 768w, https:\/\/vpacademica.unah.edu.pe\/wp-content\/uploads\/2025\/08\/VPA_UNAH_F-100x100.png 100w, https:\/\/vpacademica.unah.edu.pe\/wp-content\/uploads\/2025\/08\/VPA_UNAH_F-600x600.png 600w\" sizes=\"(max-width: 1194px) 100vw, 1194px\" \/><\/figure><\/div>\n\n<div class=\"wp-block-column is-vertically-aligned-center is-layout-flow wp-block-column-is-layout-flow\"><h2 class=\"wp-block-heading alignwide has-black-color has-text-color has-link-color wp-elements-12b55f0184174baef890460e83e677d3\">Dr. Luis Enrique Rivera Vela<\/h2>\n\n<p class=\"has-text-align-left has-black-color has-text-color has-link-color wp-elements-3396907afee09727638330a77cdb51f6\">Dr. en Antropolog\u00eda (Universidad Federal Fluminense de Brasil), Dr. en Ciencia, Tecnolog\u00eda y Medio Ambiente (Universidad Nacional del Altiplano Puno), Magister en Antropolog\u00eda (Pontificia Universidad Cat\u00f3lica del Per\u00fa), Licenciado en Antropolog\u00eda (Universidad Nacional de San Agust\u00edn de Arequipa). Docente de pre y post grado en la Universidad Nacional del Altiplano desde 2007. Cargos desempe\u00f1ados: Docente Ordinario-Principal (Universidad Nacional del Altiplano Puno, Ene 2007-Dic 2011 y Ene 2019-Actualidad), Docente Ordinario-Asociado (Universidad Nacional del Altiplano Puno, Ene 2012-Dic 2018). Como especialista en temas de identidad cultural, interculturalidad y antropolog\u00eda de la religi\u00f3n, ha realizado diversas investigaciones y publicaciones de libros y art\u00edculos, adem\u00e1s de haber participado como ponente en eventos acad\u00e9micos a nivel nacional e internacional.\u00a0<\/p><\/div><\/div>\n\n<div style=\"height:calc( 0.25 * var(--wp--style--root--padding-right, var(--wp--custom--gap--horizontal)))\" aria-hidden=\"true\" class=\"wp-block-spacer\"><\/div><\/div><\/div><div class=\"wp-block-group alignfull is-content-justification-center\" style=\"margin-top:0;margin-bottom:0;padding-top:calc( 0.5 * var(--wp--style--root--padding-right, var(--wp--custom--gap--horizontal)));padding-right:var(--wp--style--root--padding-right, var(--wp--custom--gap--horizontal));padding-bottom:calc( 0.5 * var(--wp--style--root--padding-right, var(--wp--custom--gap--horizontal)));padding-left:var(--wp--style--root--padding-left, var(--wp--custom--gap--horizontal))\"><div class=\"wp-block-group__inner-container is-layout-constrained wp-container-core-group-is-layout-b073b61b wp-block-group-is-layout-constrained\"><div style=\"height:calc( 0.25 * var(--wp--style--root--padding-right, var(--wp--custom--gap--horizontal)))\" aria-hidden=\"true\" class=\"wp-block-spacer\"><\/div>\n\n<div class=\"wp-block-group alignwide is-content-justification-space-between is-layout-flex wp-container-core-group-is-layout-e3bc7287 wp-block-group-is-layout-flex\"><h3 class=\"wp-block-heading alignwide has-black-color has-text-color has-link-color wp-elements-d615f1a55848f0a1a7a6eae7428f39cc\">Datos de Cont\u00e1cto<\/h3>\n\n<ul class=\"wp-block-social-links has-large-icon-size has-icon-color is-style-logos-only is-horizontal is-content-justification-space-between is-layout-flex wp-container-core-social-links-is-layout-81fe0639 wp-block-social-links-is-layout-flex\"><li class=\"wp-social-link wp-social-link-x has-primary-color wp-block-social-link\"><a rel=\"noopener nofollow\" target=\"_blank\" href=\"https:\/\/x.com\" class=\"wp-block-social-link-anchor\"><svg width=\"24\" height=\"24\" viewBox=\"0 0 24 24\" version=\"1.1\" xmlns=\"http:\/\/www.w3.org\/2000\/svg\" aria-hidden=\"true\" focusable=\"false\"><path d=\"M13.982 10.622 20.54 3h-1.554l-5.693 6.618L8.745 3H3.5l6.876 10.007L3.5 21h1.554l6.012-6.989L15.868 21h5.245l-7.131-10.378Zm-2.128 2.474-.697-.997-5.543-7.93H8l4.474 6.4.697.996 5.815 8.318h-2.387l-4.745-6.787Z\" \/><\/svg><span class=\"wp-block-social-link-label screen-reader-text\">X<\/span><\/a><\/li>\n\n<li class=\"wp-social-link wp-social-link-facebook has-primary-color wp-block-social-link\"><a rel=\"noopener nofollow\" target=\"_blank\" href=\"https:\/\/www.facebook.com\/\" class=\"wp-block-social-link-anchor\"><svg width=\"24\" height=\"24\" viewBox=\"0 0 24 24\" version=\"1.1\" xmlns=\"http:\/\/www.w3.org\/2000\/svg\" aria-hidden=\"true\" focusable=\"false\"><path d=\"M12 2C6.5 2 2 6.5 2 12c0 5 3.7 9.1 8.4 9.9v-7H7.9V12h2.5V9.8c0-2.5 1.5-3.9 3.8-3.9 1.1 0 2.2.2 2.2.2v2.5h-1.3c-1.2 0-1.6.8-1.6 1.6V12h2.8l-.4 2.9h-2.3v7C18.3 21.1 22 17 22 12c0-5.5-4.5-10-10-10z\"><\/path><\/svg><span class=\"wp-block-social-link-label screen-reader-text\">Facebook<\/span><\/a><\/li>\n\n<li class=\"wp-social-link wp-social-link-linkedin has-primary-color wp-block-social-link\"><a rel=\"noopener nofollow\" target=\"_blank\" href=\"https:\/\/www.linkedin.com\/\" class=\"wp-block-social-link-anchor\"><svg width=\"24\" height=\"24\" viewBox=\"0 0 24 24\" version=\"1.1\" xmlns=\"http:\/\/www.w3.org\/2000\/svg\" aria-hidden=\"true\" focusable=\"false\"><path d=\"M19.7,3H4.3C3.582,3,3,3.582,3,4.3v15.4C3,20.418,3.582,21,4.3,21h15.4c0.718,0,1.3-0.582,1.3-1.3V4.3 C21,3.582,20.418,3,19.7,3z M8.339,18.338H5.667v-8.59h2.672V18.338z M7.004,8.574c-0.857,0-1.549-0.694-1.549-1.548 c0-0.855,0.691-1.548,1.549-1.548c0.854,0,1.547,0.694,1.547,1.548C8.551,7.881,7.858,8.574,7.004,8.574z M18.339,18.338h-2.669 v-4.177c0-0.996-0.017-2.278-1.387-2.278c-1.389,0-1.601,1.086-1.601,2.206v4.249h-2.667v-8.59h2.559v1.174h0.037 c0.356-0.675,1.227-1.387,2.526-1.387c2.703,0,3.203,1.779,3.203,4.092V18.338z\"><\/path><\/svg><span class=\"wp-block-social-link-label screen-reader-text\">LinkedIn<\/span><\/a><\/li><\/ul><\/div>\n\n<div style=\"font-family: sans-serif; font-size: 16px;\">\n    <p><strong>Fecha de inicio:<\/strong> 09 jun 2025<\/p>\n    <div style=\"display: flex; align-items: center; margin-bottom: 10px;\">\n        <svg xmlns=\"http:\/\/www.w3.org\/2000\/svg\" width=\"24\" height=\"24\" viewBox=\"0 0 24 24\" fill=\"none\" stroke=\"currentColor\" stroke-width=\"2\" stroke-linecap=\"round\" stroke-linejoin=\"round\" style=\"margin-right: 10px;\">\n            <path d=\"M4 4h16c1.1 0 2 .9 2 2v12c0 1.1-.9 2-2 2H4c-1.1 0-2-.9-2-2V6c0-1.1.9-2 2-2z\"><\/path>\n            <polyline points=\"22,6 12,13 2,6\"><\/polyline>\n        <\/svg>\n        <a href=\"mailto:vpacad@unah.edu.pe\" style=\"text-decoration: none; color: inherit;\">vpacad@unah.edu.pe<\/a>\n    <\/div>\n    <div style=\"display: flex; align-items: center; margin-bottom: 20px;\">\n        <svg xmlns=\"http:\/\/www.w3.org\/2000\/svg\" width=\"24\" height=\"24\" viewBox=\"0 0 24 24\" fill=\"none\" stroke=\"currentColor\" stroke-width=\"2\" stroke-linecap=\"round\" stroke-linejoin=\"round\" style=\"margin-right: 10px;\">\n            <path d=\"M22 16.92v3a2 2 0 0 1-2.18 2 19.79 19.79 0 0 1-8.63-3.07 19.5 19.5 0 0 1-6-6 19.79 19.79 0 0 1-3.07-8.67A2 2 0 0 1 4.11 2h3a2 2 0 0 1 2 1.72 12.84 12.84 0 0 0 .7 2.81 2 2 0 0 1-.45 2.11L8.09 9.91a16 16 0 0 0 6 6l1.27-1.27a2 2 0 0 1 2.11-.45 12.84 12.84 0 0 0 2.81.7A2 2 0 0 1 22 16.92z\"><\/path>\n        <\/svg>\n        <span>066-797724<\/span>\n    <\/div>\n    <hr>\n    <p><a href=\"#\" target=\"_blank\" rel=\"noopener noreferrer\" style=\"text-decoration: none; color: #0056b3; font-weight: bold;\">Declaraci\u00f3n jurada de intereses\n            <svg xmlns=\"http:\/\/www.w3.org\/2000\/svg\" width=\"16\" height=\"16\" fill=\"currentColor\" viewBox=\"0 0 16 16\" style=\"vertical-align: middle; margin-left: 5px;\">\n                <path fill-rule=\"evenodd\" d=\"M8.636 3.5a.5.5 0 0 0-.5-.5H1.5A1.5 1.5 0 0 0 0 4.5v10A1.5 1.5 0 0 0 1.5 16h10a1.5 1.5 0 0 0 1.5-1.5V7.864a.5.5 0 0 0-1 0V14.5a.5.5 0 0 1-.5.5h-10a.5.5 0 0 1-.5-.5v-10a.5.5 0 0 1 .5-.5h6.636a.5.5 0 0 0 .5-.5z\"><\/path>\n                <path fill-rule=\"evenodd\" d=\"M16 .5a.5.5 0 0 0-.5-.5h-5a.5.5 0 0 0 0 1h3.793L6.146 9.146a.5.5 0 1 0 .708.708L15 1.707V5.5a.5.5 0 0 0 1 0v-5z\"><\/path>\n            <\/svg>\n        <\/a><\/p>\n<\/div><\/div><\/div>","protected":false},"excerpt":{"rendered":"<p>Dr. Luis Enrique Rivera Vela Dr. en Antropolog\u00eda (Universidad Federal Fluminense de Brasil), Dr. en Ciencia, Tecnolog\u00eda y Medio Ambiente (Universidad Nacional del Altiplano Puno), Magister en Antropolog\u00eda (Pontificia Universidad&#8230;<\/p>\n","protected":false},"author":1,"featured_media":0,"parent":0,"menu_order":0,"comment_status":"closed","ping_status":"closed","template":"","meta":{"footnotes":""},"class_list":["post-16510","page","type-page","status-publish","hentry"],"_links":{"self":[{"href":"https:\/\/vpacademica.unah.edu.pe\/index.php?rest_route=\/wp\/v2\/pages\/16510","targetHints":{"allow":["GET"]}}],"collection":[{"href":"https:\/\/vpacademica.unah.edu.pe\/index.php?rest_route=\/wp\/v2\/pages"}],"about":[{"href":"https:\/\/vpacademica.unah.edu.pe\/index.php?rest_route=\/wp\/v2\/types\/page"}],"author":[{"embeddable":true,"href":"https:\/\/vpacademica.unah.edu.pe\/index.php?rest_route=\/wp\/v2\/users\/1"}],"replies":[{"embeddable":true,"href":"https:\/\/vpacademica.unah.edu.pe\/index.php?rest_route=%2Fwp%2Fv2%2Fcomments&post=16510"}],"version-history":[{"count":7,"href":"https:\/\/vpacademica.unah.edu.pe\/index.php?rest_route=\/wp\/v2\/pages\/16510\/revisions"}],"predecessor-version":[{"id":16665,"href":"https:\/\/vpacademica.unah.edu.pe\/index.php?rest_route=\/wp\/v2\/pages\/16510\/revisions\/16665"}],"wp:attachment":[{"href":"https:\/\/vpacademica.unah.edu.pe\/index.php?rest_route=%2Fwp%2Fv2%2Fmedia&parent=16510"}],"curies":[{"name":"wp","href":"https:\/\/api.w.org\/{rel}","templated":true}]}}