{"id":16513,"date":"2025-08-05T05:13:51","date_gmt":"2025-08-05T03:13:51","guid":{"rendered":"https:\/\/136.119.118.83\/?page_id=16513"},"modified":"2025-08-05T18:37:27","modified_gmt":"2025-08-05T16:37:27","slug":"funciones-del-vpa","status":"publish","type":"page","link":"https:\/\/vpacademica.unah.edu.pe\/?page_id=16513","title":{"rendered":"Funciones del VPA"},"content":{"rendered":"<div class=\"wp-block-group alignfull is-content-justification-center\" style=\"margin-top:0;margin-bottom:0;padding-top:calc( 0.5 * var(--wp--style--root--padding-right, var(--wp--custom--gap--horizontal)));padding-right:var(--wp--style--root--padding-right, var(--wp--custom--gap--horizontal));padding-bottom:calc( 0.5 * var(--wp--style--root--padding-right, var(--wp--custom--gap--horizontal)));padding-left:var(--wp--style--root--padding-left, var(--wp--custom--gap--horizontal))\"><div class=\"wp-block-group__inner-container is-layout-constrained wp-container-core-group-is-layout-b073b61b wp-block-group-is-layout-constrained\"><div style=\"height:calc( 0.25 * var(--wp--style--root--padding-right, var(--wp--custom--gap--horizontal)))\" aria-hidden=\"true\" class=\"wp-block-spacer\"><\/div>\n\n<div class=\"wp-block-columns alignwide are-vertically-aligned-center is-layout-flex wp-container-core-columns-is-layout-6aa4370a wp-block-columns-is-layout-flex\"><div class=\"wp-block-column is-vertically-aligned-center is-layout-flow wp-block-column-is-layout-flow\"><h2 class=\"wp-block-heading alignwide has-black-color has-text-color has-link-color wp-elements-e3fc9f2e5b1c9808fc805d962b96d7ac\">Funciones<\/h2>\n\n<ul class=\"wp-block-list has-black-color has-text-color has-link-color wp-elements-9d874e55aa700fc4e408045680db7215\"><li>Dirigir y ejecutar la pol\u00edtica general de formaci\u00f3n acad\u00e9mica en la UNAH.<\/li>\n\n<li>Formular y proponer los documentos de gesti\u00f3n y documentos normativos en el \u00e1mbito de su competencia, para su aprobaci\u00f3n en Consejo Universitario.<\/li>\n\n<li>Supervisar y controlar las actividades acad\u00e9micas, con la finalidad de garantizar la calidad acad\u00e9mica y su concordancia con la misi\u00f3n y metas establecidas por la UNAH.<\/li>\n\n<li>Proponer el modelo educativo y la pol\u00edtica curricular a ser implementada a trav\u00e9s de las facultades.<\/li>\n\n<li>Promover, formular, programar y ejecutar las acciones relacionadas a planes y procesos de capacitaci\u00f3n de docentes universitarios, en observancia de la normativa aplicable.<\/li>\n\n<li>Supervisar y monitorear el proceso de admisi\u00f3n de estudiantes a la UNAH.<\/li>\n\n<li>Dirigir y supervisar las politicas, lineamientos y actividades de bienestar universitario.<\/li><\/ul><\/div>\n\n<div class=\"wp-block-column is-vertically-aligned-center is-layout-flow wp-block-column-is-layout-flow\"><figure class=\"wp-block-image size-full\"><img fetchpriority=\"high\" decoding=\"async\" width=\"2048\" height=\"1365\" src=\"http:\/\/136.119.118.83\/wp-content\/uploads\/2025\/08\/515229235_122230090748114849_1629260111041414694_n.jpg\" alt=\"\" class=\"wp-image-16687\" style=\"aspect-ratio:1;object-fit:cover\" srcset=\"https:\/\/vpacademica.unah.edu.pe\/wp-content\/uploads\/2025\/08\/515229235_122230090748114849_1629260111041414694_n.jpg 2048w, https:\/\/vpacademica.unah.edu.pe\/wp-content\/uploads\/2025\/08\/515229235_122230090748114849_1629260111041414694_n-300x200.jpg 300w, https:\/\/vpacademica.unah.edu.pe\/wp-content\/uploads\/2025\/08\/515229235_122230090748114849_1629260111041414694_n-1024x683.jpg 1024w, https:\/\/vpacademica.unah.edu.pe\/wp-content\/uploads\/2025\/08\/515229235_122230090748114849_1629260111041414694_n-768x512.jpg 768w, https:\/\/vpacademica.unah.edu.pe\/wp-content\/uploads\/2025\/08\/515229235_122230090748114849_1629260111041414694_n-100x67.jpg 100w, https:\/\/vpacademica.unah.edu.pe\/wp-content\/uploads\/2025\/08\/515229235_122230090748114849_1629260111041414694_n-1536x1024.jpg 1536w, https:\/\/vpacademica.unah.edu.pe\/wp-content\/uploads\/2025\/08\/515229235_122230090748114849_1629260111041414694_n-600x400.jpg 600w\" sizes=\"(max-width: 2048px) 100vw, 2048px\" \/><\/figure><\/div><\/div>\n\n<div class=\"wp-block-columns alignwide are-vertically-aligned-center is-layout-flex wp-container-core-columns-is-layout-6aa4370a wp-block-columns-is-layout-flex\"><div class=\"wp-block-column is-vertically-aligned-center is-layout-flow wp-block-column-is-layout-flow\"><figure class=\"wp-block-image size-full\"><img decoding=\"async\" width=\"2048\" height=\"1365\" src=\"http:\/\/136.119.118.83\/wp-content\/uploads\/2025\/08\/484955101_122210087642114849_844560187796308258_n-1.jpg\" alt=\"\" class=\"wp-image-16690\" style=\"aspect-ratio:1;object-fit:cover\" srcset=\"https:\/\/vpacademica.unah.edu.pe\/wp-content\/uploads\/2025\/08\/484955101_122210087642114849_844560187796308258_n-1.jpg 2048w, https:\/\/vpacademica.unah.edu.pe\/wp-content\/uploads\/2025\/08\/484955101_122210087642114849_844560187796308258_n-1-300x200.jpg 300w, https:\/\/vpacademica.unah.edu.pe\/wp-content\/uploads\/2025\/08\/484955101_122210087642114849_844560187796308258_n-1-1024x683.jpg 1024w, https:\/\/vpacademica.unah.edu.pe\/wp-content\/uploads\/2025\/08\/484955101_122210087642114849_844560187796308258_n-1-768x512.jpg 768w, https:\/\/vpacademica.unah.edu.pe\/wp-content\/uploads\/2025\/08\/484955101_122210087642114849_844560187796308258_n-1-100x67.jpg 100w, https:\/\/vpacademica.unah.edu.pe\/wp-content\/uploads\/2025\/08\/484955101_122210087642114849_844560187796308258_n-1-1536x1024.jpg 1536w, https:\/\/vpacademica.unah.edu.pe\/wp-content\/uploads\/2025\/08\/484955101_122210087642114849_844560187796308258_n-1-600x400.jpg 600w\" sizes=\"(max-width: 2048px) 100vw, 2048px\" \/><\/figure><\/div>\n\n<div class=\"wp-block-column is-vertically-aligned-center is-layout-flow wp-block-column-is-layout-flow\"><ul class=\"wp-block-list has-black-color has-text-color has-link-color wp-elements-98b695a0d31866694f93aaa39f10f9e0\"><li>Dirigir y supervisar las politicas, lineamientos y actividades de Proyecci\u00f3n Social y Extensi\u00f3n Cultural<\/li>\n\n<li>Dirigir y supervisar las politicas, lineamientos y actividades de bienestar universitario.<\/li>\n\n<li>Planificar, organizar, dirigir, ejecutar y controlar la implementaci\u00f3n de la educaci\u00f3n virtual en los procesos de formaci\u00f3n profesional, a trav\u00e9s de la tecnolog\u00eda de informaci\u00f3n, redes de computadoras y equipamiento necesario.<\/li>\n\n<li>Supervisar el proceso de seguimiento y apoyo al graduado de la UNAH.<\/li>\n\n<li>Coordinar las actividades curriculares, extracurriculares y planes de estudio.<\/li>\n\n<li>Coordinar con las facultades los servicios de orientaci\u00f3n y tutoria para los estudiantes.<\/li>\n\n<li>Proponer la designaci\u00f3n de los directores de la Direcci\u00f3n de Responsabilidad Social Universitaria, Proyecci\u00f3n Social y Extensi\u00f3n Cultural; Direcci\u00f3n de Bienestar Universitario, Direcci\u00f3n de Actividades y Servicios Acad\u00e9micos; Direcci\u00f3n de Admisi\u00f3n, y otras del \u00e1mbito acad\u00e9mico, quienes deben reunir los perfiles correspondientes.<\/li>\n\n<li>Las dem\u00e1s funciones que se\u00f1alen la Ley Universitaria y el Estatuto de la universidad.<\/li><\/ul><\/div><\/div>\n\n<div style=\"height:calc( 0.25 * var(--wp--style--root--padding-right, var(--wp--custom--gap--horizontal)))\" aria-hidden=\"true\" class=\"wp-block-spacer\"><\/div><\/div><\/div>","protected":false},"excerpt":{"rendered":"<p>Funciones<\/p>\n","protected":false},"author":1,"featured_media":0,"parent":0,"menu_order":0,"comment_status":"closed","ping_status":"closed","template":"","meta":{"footnotes":""},"class_list":["post-16513","page","type-page","status-publish","hentry"],"_links":{"self":[{"href":"https:\/\/vpacademica.unah.edu.pe\/index.php?rest_route=\/wp\/v2\/pages\/16513","targetHints":{"allow":["GET"]}}],"collection":[{"href":"https:\/\/vpacademica.unah.edu.pe\/index.php?rest_route=\/wp\/v2\/pages"}],"about":[{"href":"https:\/\/vpacademica.unah.edu.pe\/index.php?rest_route=\/wp\/v2\/types\/page"}],"author":[{"embeddable":true,"href":"https:\/\/vpacademica.unah.edu.pe\/index.php?rest_route=\/wp\/v2\/users\/1"}],"replies":[{"embeddable":true,"href":"https:\/\/vpacademica.unah.edu.pe\/index.php?rest_route=%2Fwp%2Fv2%2Fcomments&post=16513"}],"version-history":[{"count":7,"href":"https:\/\/vpacademica.unah.edu.pe\/index.php?rest_route=\/wp\/v2\/pages\/16513\/revisions"}],"predecessor-version":[{"id":16692,"href":"https:\/\/vpacademica.unah.edu.pe\/index.php?rest_route=\/wp\/v2\/pages\/16513\/revisions\/16692"}],"wp:attachment":[{"href":"https:\/\/vpacademica.unah.edu.pe\/index.php?rest_route=%2Fwp%2Fv2%2Fmedia&parent=16513"}],"curies":[{"name":"wp","href":"https:\/\/api.w.org\/{rel}","templated":true}]}}