{"id":16597,"date":"2025-08-05T15:12:38","date_gmt":"2025-08-05T13:12:38","guid":{"rendered":"https:\/\/136.119.118.83\/?page_id=16597"},"modified":"2025-08-05T19:30:50","modified_gmt":"2025-08-05T17:30:50","slug":"carrera-docente","status":"publish","type":"page","link":"https:\/\/vpacademica.unah.edu.pe\/?page_id=16597","title":{"rendered":"Carrera docente"},"content":{"rendered":"<h2 class=\"wp-block-heading has-black-color has-text-color has-link-color wp-elements-e1ddc74b67b12171c65b65f6891674bb\" style=\"font-size:38px;line-height:1.4\"><strong><strong>Carrera Docente en la Universidad Nacional Aut\u00f3noma de Huanta<\/strong><\/strong><\/h2><div class=\"wp-block-columns has-black-color has-text-color has-link-color wp-elements-26720ddd017033ba67f36e3a0c66c9dc is-layout-flex wp-container-core-columns-is-layout-9d6595d7 wp-block-columns-is-layout-flex\"><div class=\"wp-block-column is-layout-flow wp-block-column-is-layout-flow\"><p style=\"font-size:18px\">La admisi\u00f3n como docente ordinario en la Universidad Nacional Aut\u00f3noma de Huanta se realiza a trav\u00e9s de un concurso p\u00fablico de oposici\u00f3n y m\u00e9ritos. Un jurado compuesto por pares acad\u00e9micos externos, proporcionados por organismos competentes, se encarga de la evaluaci\u00f3n inicial de los postulantes. Este jurado emite un informe t\u00e9cnico con un listado por orden de m\u00e9ritos al Comit\u00e9 de Evaluaci\u00f3n de la facultad, que a su vez presenta un dictamen final para la aprobaci\u00f3n del Consejo de Facultad y la posterior ratificaci\u00f3n por parte del Consejo Universitario. La universidad priorizar\u00e1 y otorgar\u00e1 mayor valor a las certificaciones acad\u00e9micas de universidades y programas que se encuentren acreditados.<\/p><\/div><\/div><div class=\"wp-block-columns has-black-color has-text-color has-link-color wp-elements-dbd54332e52f9196bc63095fffaba640 is-layout-flex wp-container-core-columns-is-layout-9d6595d7 wp-block-columns-is-layout-flex\"><div class=\"wp-block-column is-layout-flow wp-block-column-is-layout-flow\"><p style=\"font-size:18px\">El ingreso a la carrera docente como profesor ordinario se inicia en la categor\u00eda de profesor auxiliar, previo concurso p\u00fablico de oposici\u00f3n y m\u00e9ritos, y sujeto a los siguientes requisitos:<\/p>\n\n<ul class=\"wp-block-list\"><li>a) Existencia de vacantes en el presupuesto correspondiente.<\/li>\n\n<li>b) Aprobaci\u00f3n de una prueba de capacidad docente.<\/li>\n\n<li>c) Poseer una licenciatura o t\u00edtulo profesional vigente, o su equivalente obtenido en el extranjero.<\/li>\n\n<li>d) Contar con el grado de maestro.<\/li>\n\n<li>e) Cumplir con otros requisitos que se\u00f1ale el reglamento respectivo.<\/li><\/ul>\n\n<p style=\"font-size:18px\">La universidad tiene la facultad de contratar docentes. El docente contratado puede postular a un nombramiento en cualquiera de las categor\u00edas docentes, siempre que cumpla con los requisitos establecidos en el Estatuto de la UNAH.<\/p><\/div><\/div><div class=\"wp-block-group alignfull has-black-color has-text-color has-link-color wp-elements-8694b1878254adb8298d59d1d15c4036 is-content-justification-center\" style=\"margin-top:0;margin-bottom:0;padding-top:calc( 0.5 * var(--wp--style--root--padding-right, var(--wp--custom--gap--horizontal)));padding-right:var(--wp--style--root--padding-right, var(--wp--custom--gap--horizontal));padding-bottom:calc( 0.5 * var(--wp--style--root--padding-right, var(--wp--custom--gap--horizontal)));padding-left:var(--wp--style--root--padding-left, var(--wp--custom--gap--horizontal))\"><div class=\"wp-block-group__inner-container is-layout-constrained wp-container-core-group-is-layout-b073b61b wp-block-group-is-layout-constrained\"><div style=\"height:calc( 0.25 * var(--wp--style--root--padding-right, var(--wp--custom--gap--horizontal)))\" aria-hidden=\"true\" class=\"wp-block-spacer\"><\/div>\n\n<div class=\"wp-block-columns alignwide is-layout-flex wp-container-core-columns-is-layout-7a7dc5d5 wp-block-columns-is-layout-flex\" style=\"margin-top:0px;margin-bottom:0px\"><div class=\"wp-block-column is-layout-flow wp-block-column-is-layout-flow\"><div class=\"wp-block-cover is-light\" style=\"min-height:800px;aspect-ratio:unset;\"><img fetchpriority=\"high\" decoding=\"async\" width=\"1024\" height=\"683\" class=\"wp-block-cover__image-background wp-image-16725 size-large\" alt=\"\" src=\"http:\/\/136.119.118.83\/wp-content\/uploads\/2025\/08\/469581479_122190587828114849_9001702499611723071_n-1024x683.jpg\" data-object-fit=\"cover\" srcset=\"https:\/\/vpacademica.unah.edu.pe\/wp-content\/uploads\/2025\/08\/469581479_122190587828114849_9001702499611723071_n-1024x683.jpg 1024w, https:\/\/vpacademica.unah.edu.pe\/wp-content\/uploads\/2025\/08\/469581479_122190587828114849_9001702499611723071_n-300x200.jpg 300w, https:\/\/vpacademica.unah.edu.pe\/wp-content\/uploads\/2025\/08\/469581479_122190587828114849_9001702499611723071_n-768x512.jpg 768w, https:\/\/vpacademica.unah.edu.pe\/wp-content\/uploads\/2025\/08\/469581479_122190587828114849_9001702499611723071_n-100x67.jpg 100w, https:\/\/vpacademica.unah.edu.pe\/wp-content\/uploads\/2025\/08\/469581479_122190587828114849_9001702499611723071_n-1536x1024.jpg 1536w, https:\/\/vpacademica.unah.edu.pe\/wp-content\/uploads\/2025\/08\/469581479_122190587828114849_9001702499611723071_n-600x400.jpg 600w, https:\/\/vpacademica.unah.edu.pe\/wp-content\/uploads\/2025\/08\/469581479_122190587828114849_9001702499611723071_n.jpg 2048w\" sizes=\"(max-width: 1024px) 100vw, 1024px\" \/><span aria-hidden=\"true\" class=\"wp-block-cover__background has-background-dim-0 has-background-dim\" style=\"background-color:#ada8a8\"><\/span><div class=\"wp-block-cover__inner-container is-layout-constrained wp-block-cover-is-layout-constrained\"><p class=\"has-text-align-center has-large-font-size\"><\/p><\/div><\/div><\/div>\n\n<div class=\"wp-block-column is-vertically-aligned-center is-layout-flow wp-block-column-is-layout-flow\"><div class=\"wp-block-group\" style=\"margin-top:0;margin-bottom:0;padding-top:20px;padding-right:50px;padding-bottom:20px;padding-left:50px\"><div class=\"wp-block-group__inner-container is-layout-constrained wp-container-core-group-is-layout-00f38153 wp-block-group-is-layout-constrained\"><div class=\"wp-block-group has-black-color has-text-color has-link-color wp-elements-67fe3e28c063e65d02ca1a240c235f7d\"><div class=\"wp-block-group__inner-container is-layout-constrained wp-block-group-is-layout-constrained\"><div class=\"wp-block-group\"><div class=\"wp-block-group__inner-container is-layout-constrained wp-block-group-is-layout-constrained\"><h5 class=\"wp-block-heading has-black-color has-text-color has-link-color wp-elements-5d6f17bc254253c6a691aa4cbaa5b84b\" style=\"text-transform:capitalize\"><strong>Requisitos para ser Docente Ordinario<\/strong><\/h5>\n\n<p>Para ejercer la docencia universitaria como docente ordinario, es obligatorio poseer:<\/p>\n\n<p>a) T\u00edtulo profesional, licenciatura o su equivalente obtenido en el extranjero.<\/p>\n\n<p>b) Grado de maestro para la docencia a nivel de pregrado.<\/p>\n\n<p>c) Grado de maestro o doctor para impartir maestr\u00edas, diplomados y programas de especializaci\u00f3n.<\/p>\n\n<p>d) Grado de doctor para la formaci\u00f3n a nivel de doctorado<\/p>\n\n<hr class=\"wp-block-separator has-alpha-channel-opacity is-style-wide\"\/><\/div><\/div>\n\n<div class=\"wp-block-group\"><div class=\"wp-block-group__inner-container is-layout-constrained wp-block-group-is-layout-constrained\"><h5 class=\"wp-block-heading has-black-color has-text-color has-link-color wp-elements-ff9d32e0b4d2ac4775585e8356a5299a\" style=\"text-transform:capitalize\"><strong>Requisitos para ser Profesor Principal<\/strong><\/h5>\n\n<p>a) Disponibilidad de recursos presupuestales.<\/p>\n\n<p>b) Participar y ganar el concurso de oposici\u00f3n y m\u00e9ritos.<\/p>\n\n<p>c) Haber sido ratificado en la categor\u00eda anterior.<\/p>\n\n<p>d) Haber desempe\u00f1ado eficientemente la labor docente por un m\u00ednimo de cinco (5) a\u00f1os como profesor asociado.<\/p>\n\n<p>e) Otros que se estipulen en el reglamento respectivo.<\/p><\/div><\/div>\n\n<hr class=\"wp-block-separator has-alpha-channel-opacity is-style-wide\"\/><\/div><\/div><\/div><\/div><\/div><\/div>\n\n<div style=\"height:calc( 0.25 * var(--wp--style--root--padding-right, var(--wp--custom--gap--horizontal)))\" aria-hidden=\"true\" class=\"wp-block-spacer\"><\/div><\/div><\/div><p class=\"has-black-color has-text-color has-link-color wp-elements-00751fe7e288b77615a18df602dca1ac\">Es importante se\u00f1alar que los grados y publicaciones requeridos para la promoci\u00f3n pueden haber sido obtenidos en una universidad distinta, quedando sujetos a lo que disponga el reglamento.<\/p><p class=\"has-black-color has-text-color has-link-color wp-elements-7e61e4a736888f703d63603cf2a9c1c2\">Al finalizar el proceso de evaluaci\u00f3n, los profesores son ratificados, promovidos o separados de la docencia por los \u00f3rganos de gobierno, de acuerdo con el reglamento correspondiente.<\/p><p class=\"has-black-color has-text-color has-link-color wp-elements-34afd188464bb8034667eb5b3f7103fb\">La edad m\u00e1xima para el ejercicio de la docencia en la Universidad Nacional Aut\u00f3noma de Huanta es de setenta (70) a\u00f1os. Superada esta edad, solo se podr\u00e1 ejercer la docencia en la condici\u00f3n de docente extraordinario, sin la posibilidad de ocupar cargos administrativos.<\/p><p class=\"has-black-color has-text-color has-link-color wp-elements-9ac00cf961d1ea846fe5a532228b76c6\"><\/p><h2 class=\"wp-block-heading has-black-color has-text-color has-link-color wp-elements-60927b726098d792c216e18e7f6be194\" style=\"font-size:38px;line-height:1.4\"><strong><strong><strong>El Docente Investigador<\/strong><\/strong><\/strong><\/h2><div class=\"wp-block-columns has-black-color has-text-color has-link-color wp-elements-77c35f1ac598104f1cabb7dbf3b19ea1 is-layout-flex wp-container-core-columns-is-layout-9d6595d7 wp-block-columns-is-layout-flex\"><div class=\"wp-block-column is-layout-flow wp-block-column-is-layout-flow\"><p style=\"font-size:18px\">El docente investigador es aquel que se dedica a la generaci\u00f3n de conocimiento e innovaci\u00f3n a trav\u00e9s de la investigaci\u00f3n, ya sea a tiempo completo o con dedicaci\u00f3n exclusiva. Su designaci\u00f3n es realizada por el Consejo de Facultad en reconocimiento a su excelencia acad\u00e9mica. Su carga lectiva se limita a un curso por a\u00f1o y recibe una bonificaci\u00f3n especial del cincuenta por ciento (50%) de su haber total, financiada con recursos del Tesoro P\u00fablico. La permanencia de los docentes investigadores en dicha condici\u00f3n es evaluada cada cinco (5) a\u00f1os por el Vicerrectorado de Investigaci\u00f3n, el Consejo de Facultad o la autoridad competente, bas\u00e1ndose en su producci\u00f3n.<\/p><\/div><\/div><div class=\"wp-block-group alignfull has-black-color has-text-color has-link-color wp-elements-b4b5ba0bfe03804f2e48eb5fb37c19ad is-content-justification-center\" style=\"margin-top:0;margin-bottom:0;padding-top:calc( 0.5 * var(--wp--style--root--padding-right, var(--wp--custom--gap--horizontal)));padding-right:var(--wp--style--root--padding-right, var(--wp--custom--gap--horizontal));padding-bottom:calc( 0.5 * var(--wp--style--root--padding-right, var(--wp--custom--gap--horizontal)));padding-left:var(--wp--style--root--padding-left, var(--wp--custom--gap--horizontal))\"><div class=\"wp-block-group__inner-container is-layout-constrained wp-container-core-group-is-layout-b073b61b wp-block-group-is-layout-constrained\"><div style=\"height:calc( 0.25 * var(--wp--style--root--padding-right, var(--wp--custom--gap--horizontal)))\" aria-hidden=\"true\" class=\"wp-block-spacer\"><\/div>\n\n<div class=\"wp-block-columns alignwide is-layout-flex wp-container-core-columns-is-layout-7a7dc5d5 wp-block-columns-is-layout-flex\" style=\"margin-top:0px;margin-bottom:0px\"><div class=\"wp-block-column is-vertically-aligned-center is-layout-flow wp-block-column-is-layout-flow\"><div class=\"wp-block-group\" style=\"margin-top:0;margin-bottom:0;padding-top:20px;padding-right:50px;padding-bottom:20px;padding-left:50px\"><div class=\"wp-block-group__inner-container is-layout-constrained wp-container-core-group-is-layout-00f38153 wp-block-group-is-layout-constrained\"><div class=\"wp-block-group has-black-color has-text-color has-link-color wp-elements-30d5934d2ad23bfe012246c2f97730fe\"><div class=\"wp-block-group__inner-container is-layout-constrained wp-block-group-is-layout-constrained\"><div class=\"wp-block-group\"><div class=\"wp-block-group__inner-container is-layout-constrained wp-block-group-is-layout-constrained\"><h5 class=\"wp-block-heading has-black-color has-text-color has-link-color wp-elements-359b698f5d4d2dc5035869a21aee15c6\" style=\"text-transform:capitalize\"><strong><strong>Excepciones<\/strong><\/strong><\/h5>\n\n<p>a) De manera excepcional, profesionales con una reconocida labor de investigaci\u00f3n cient\u00edfica y trayectoria acad\u00e9mica, que cuenten con t\u00edtulo profesional, m\u00e1s de diez (10) a\u00f1os de ejercicio profesional y el grado de maestro o doctor, podr\u00e1n concursar directamente a la categor\u00eda de asociado sin haber sido profesor auxiliar.<\/p>\n\n<p>b) Igualmente, de forma excepcional, profesionales con una destacada labor de investigaci\u00f3n cient\u00edfica y trayectoria acad\u00e9mica, con m\u00e1s de quince (15) a\u00f1os de ejercicio profesional y el grado de doctor, podr\u00e1n postular a la categor\u00eda de principal sin haber pasado por las categor\u00edas de auxiliar o asociado.<\/p>\n\n<hr class=\"wp-block-separator has-alpha-channel-opacity is-style-wide\"\/><\/div><\/div>\n\n<div class=\"wp-block-group\"><div class=\"wp-block-group__inner-container is-layout-constrained wp-block-group-is-layout-constrained\"><h5 class=\"wp-block-heading has-black-color has-text-color has-link-color wp-elements-a22a6025a72601e785dcb21f36dbd36c\" style=\"text-transform:capitalize\"><strong><strong>Evaluaci\u00f3n y Ratificaci\u00f3n<\/strong><\/strong><\/h5>\n\n<p>El per\u00edodo de evaluaci\u00f3n para la ratificaci\u00f3n de los docentes ordinarios en su respectiva categor\u00eda y clase es de tres (3) a\u00f1os para los profesores auxiliares, cinco (5) a\u00f1os para los asociados y siete (7) a\u00f1os para los principales. Este proceso se basa en los m\u00e9ritos acad\u00e9micos, incluyendo la producci\u00f3n cient\u00edfica, la labor lectiva y la investigaci\u00f3n.<\/p>\n\n<p>Para la promoci\u00f3n a la categor\u00eda de profesor asociado se requiere:<\/p>\n\n<p>e) Cumplir con otros requisitos que se consideren en el reglamento.<\/p>\n\n<p>a) Existencia de recursos presupuestales.<\/p>\n\n<p>b) Presentarse al concurso de oposici\u00f3n y m\u00e9ritos.<\/p>\n\n<p>c) Haber sido ratificado como profesor auxiliar.<\/p>\n\n<p>d) Haber desempe\u00f1ado con eficiencia la labor de profesor auxiliar por un m\u00ednimo de tres (3) a\u00f1os.<\/p><\/div><\/div>\n\n<hr class=\"wp-block-separator has-alpha-channel-opacity is-style-wide\"\/><\/div><\/div><\/div><\/div><\/div>\n\n<div class=\"wp-block-column is-layout-flow wp-block-column-is-layout-flow\"><div class=\"wp-block-cover is-light\" style=\"min-height:800px;aspect-ratio:unset;\"><img decoding=\"async\" width=\"1024\" height=\"683\" class=\"wp-block-cover__image-background wp-image-16732 size-large\" alt=\"\" src=\"http:\/\/136.119.118.83\/wp-content\/uploads\/2025\/08\/506634391_122227034780114849_3770285516683169682_n-1024x683.jpg\" data-object-fit=\"cover\" srcset=\"https:\/\/vpacademica.unah.edu.pe\/wp-content\/uploads\/2025\/08\/506634391_122227034780114849_3770285516683169682_n-1024x683.jpg 1024w, https:\/\/vpacademica.unah.edu.pe\/wp-content\/uploads\/2025\/08\/506634391_122227034780114849_3770285516683169682_n-300x200.jpg 300w, https:\/\/vpacademica.unah.edu.pe\/wp-content\/uploads\/2025\/08\/506634391_122227034780114849_3770285516683169682_n-768x512.jpg 768w, https:\/\/vpacademica.unah.edu.pe\/wp-content\/uploads\/2025\/08\/506634391_122227034780114849_3770285516683169682_n-100x67.jpg 100w, https:\/\/vpacademica.unah.edu.pe\/wp-content\/uploads\/2025\/08\/506634391_122227034780114849_3770285516683169682_n-1536x1024.jpg 1536w, https:\/\/vpacademica.unah.edu.pe\/wp-content\/uploads\/2025\/08\/506634391_122227034780114849_3770285516683169682_n-600x400.jpg 600w, https:\/\/vpacademica.unah.edu.pe\/wp-content\/uploads\/2025\/08\/506634391_122227034780114849_3770285516683169682_n.jpg 2048w\" sizes=\"(max-width: 1024px) 100vw, 1024px\" \/><span aria-hidden=\"true\" class=\"wp-block-cover__background has-background-dim-0 has-background-dim\" style=\"background-color:#999089\"><\/span><div class=\"wp-block-cover__inner-container is-layout-constrained wp-block-cover-is-layout-constrained\"><p class=\"has-text-align-center has-large-font-size\"><\/p><\/div><\/div><\/div><\/div>\n\n<div style=\"height:calc( 0.25 * var(--wp--style--root--padding-right, var(--wp--custom--gap--horizontal)))\" aria-hidden=\"true\" class=\"wp-block-spacer\"><\/div><\/div><\/div>","protected":false},"excerpt":{"rendered":"<p>Carrera Docente en la Universidad Nacional Aut\u00f3noma de Huanta La admisi\u00f3n como docente ordinario en la Universidad Nacional Aut\u00f3noma de Huanta se realiza a trav\u00e9s de un concurso p\u00fablico de&#8230;<\/p>\n","protected":false},"author":1,"featured_media":0,"parent":0,"menu_order":0,"comment_status":"closed","ping_status":"closed","template":"","meta":{"footnotes":""},"class_list":["post-16597","page","type-page","status-publish","hentry"],"_links":{"self":[{"href":"https:\/\/vpacademica.unah.edu.pe\/index.php?rest_route=\/wp\/v2\/pages\/16597","targetHints":{"allow":["GET"]}}],"collection":[{"href":"https:\/\/vpacademica.unah.edu.pe\/index.php?rest_route=\/wp\/v2\/pages"}],"about":[{"href":"https:\/\/vpacademica.unah.edu.pe\/index.php?rest_route=\/wp\/v2\/types\/page"}],"author":[{"embeddable":true,"href":"https:\/\/vpacademica.unah.edu.pe\/index.php?rest_route=\/wp\/v2\/users\/1"}],"replies":[{"embeddable":true,"href":"https:\/\/vpacademica.unah.edu.pe\/index.php?rest_route=%2Fwp%2Fv2%2Fcomments&post=16597"}],"version-history":[{"count":15,"href":"https:\/\/vpacademica.unah.edu.pe\/index.php?rest_route=\/wp\/v2\/pages\/16597\/revisions"}],"predecessor-version":[{"id":16733,"href":"https:\/\/vpacademica.unah.edu.pe\/index.php?rest_route=\/wp\/v2\/pages\/16597\/revisions\/16733"}],"wp:attachment":[{"href":"https:\/\/vpacademica.unah.edu.pe\/index.php?rest_route=%2Fwp%2Fv2%2Fmedia&parent=16597"}],"curies":[{"name":"wp","href":"https:\/\/api.w.org\/{rel}","templated":true}]}}