{"id":16600,"date":"2025-08-05T15:13:36","date_gmt":"2025-08-05T13:13:36","guid":{"rendered":"https:\/\/136.119.118.83\/?page_id=16600"},"modified":"2025-08-05T19:37:27","modified_gmt":"2025-08-05T17:37:27","slug":"derechos-y-deberes","status":"publish","type":"page","link":"https:\/\/vpacademica.unah.edu.pe\/?page_id=16600","title":{"rendered":"Derechos y Deberes"},"content":{"rendered":"<h3 class=\"wp-block-heading has-black-color has-text-color has-link-color wp-elements-fe00df3df748db849fef3a5466ed0045\"><strong>Derechos de los Docentes<\/strong><\/h3><p class=\"has-black-color has-text-color has-link-color wp-elements-38183cf64a5039ebc2ce298773b464f9\">Los profesores de la&nbsp;<strong>Universidad Nacional Aut\u00f3noma de Huanta<\/strong>&nbsp;gozan de los siguientes derechos:<\/p><ul class=\"wp-block-list has-black-color has-text-color has-link-color wp-elements-e91926268533ce77d887c7e0daa193bc\"><li>Ejercicio de la libertad de c\u00e1tedra en el marco de la Constituci\u00f3n Pol\u00edtica del Per\u00fa, la Ley Universitaria y el Estatuto.<\/li>\n\n<li>Elegir y ser elegidos en las instancias de gobierno institucional o de consulta, seg\u00fan corresponda.<\/li>\n\n<li>A la promoci\u00f3n y ratificaci\u00f3n en la carrera docente.<\/li>\n\n<li>Participar en proyectos de investigaci\u00f3n en la universidad y en el sistema de instituciones universitarias nacionales o internacionales.<\/li>\n\n<li>Participar en actividades generadoras de recursos directamente recaudados.<\/li>\n\n<li>Recibir facilidades de los organismos del Estado para realizar sus actividades universitarias y para acceder a estudios acreditados de posgrado.<\/li>\n\n<li>Acceder a los procesos de capacitaci\u00f3n y estudios de posgrado en la universidad sin costo alguno y de acuerdo con el reglamento respectivo.<\/li>\n\n<li>Tener licencias con o sin goce de haber con reserva de plaza, sujeto al reglamento respectivo.<\/li>\n\n<li>Tener licencia, a su solicitud, en el caso de mandato legislativo, municipal o regional, y forzosa en el caso de ser nombrado ministro o viceministro de Estado, gobernador regional o alcalde, conservando la categor\u00eda y clase docente.<\/li>\n\n<li>Los docentes ordinarios, a tiempo completo y dedicaci\u00f3n exclusiva, tienen derecho al uso del a\u00f1o sab\u00e1tico con fines de investigaci\u00f3n o de preparaci\u00f3n de publicaciones, por cada siete (7) a\u00f1os de servicios.<\/li>\n\n<li>Gozar de vacaciones pagadas de sesenta (60) d\u00edas al a\u00f1o.<\/li>\n\n<li>Los derechos y beneficios previsionales conforme a ley.<\/li>\n\n<li>Al reconocimiento de a\u00f1os de servicio y los beneficios econ\u00f3micos respectivos.<\/li>\n\n<li>A la asignaci\u00f3n de la carga lectiva correspondiente.<\/li>\n\n<li>Publicaci\u00f3n y divulgaci\u00f3n de su producci\u00f3n intelectual o cient\u00edfica por parte de la universidad, garantiz\u00e1ndose sus derechos de autor.<\/li>\n\n<li>Libre asociaci\u00f3n con fines profesionales, cient\u00edficos, culturales y gremiales de acuerdo con la Constituci\u00f3n Pol\u00edtica del Per\u00fa y la ley.<\/li>\n\n<li>A la atenci\u00f3n a sus reclamos laborales haciendo uso de los mecanismos estipulados por ley.<\/li>\n\n<li>Percibir los recursos econ\u00f3micos para asistir a cert\u00e1menes nacionales o internacionales en calidad de ponente o cuando la universidad lo designe en su representaci\u00f3n.<\/li>\n\n<li>Gozar de incentivos a la excelencia acad\u00e9mica y producci\u00f3n cient\u00edfica, seg\u00fan el reglamento respectivo.<\/li>\n\n<li>Los otros que dispongan los \u00f3rganos competentes.<\/li><\/ul><h3 class=\"wp-block-heading has-black-color has-text-color has-link-color wp-elements-bc9347aad6a446a098280af8872fe99d\"><strong>Deberes de los Docentes<\/strong><\/h3><ul class=\"wp-block-list has-black-color has-text-color has-link-color wp-elements-897a037644d18122886ef224e5cfdbcf\"><li>Cumplir y hacer cumplir la Ley Universitaria, el Estatuto, reglamentos y normas internas de la universidad.<\/li>\n\n<li>Respetar y hacer respetar el estado social, democr\u00e1tico y constitucional de derecho.<\/li>\n\n<li>Ejercer la docencia con rigor acad\u00e9mico, idoneidad, responsabilidad, cumplimiento de su carga acad\u00e9mica, respeto a la propiedad intelectual, \u00e9tica profesional, independencia y apertura conceptual e ideol\u00f3gica.<\/li>\n\n<li>Generar conocimiento e innovaci\u00f3n a trav\u00e9s de la investigaci\u00f3n en el \u00e1mbito que le corresponda.<\/li>\n\n<li>Perfeccionar permanentemente su conocimiento y su capacidad docente y realizar labor creativa intelectual, cient\u00edfica y human\u00edstica.<\/li>\n\n<li>Incentivar, proponer y participar en los programas de responsabilidad y proyecci\u00f3n social de nivel nacional e internacional.<\/li>\n\n<li>Ejercer la c\u00e1tedra con libertad de pensamiento, tolerancia y respeto a las discrepancias.<\/li>\n\n<li>Brindar tutor\u00eda a los estudiantes para orientarlos en su formaci\u00f3n profesional y\/o acad\u00e9mica.<\/li>\n\n<li>Participar de la mejora de los programas educativos en los que se desempe\u00f1a.<\/li>\n\n<li>Presentar peri\u00f3dicamente informes sobre sus actividades cuando le sean requeridos por la autoridad competente.<\/li>\n\n<li>Observar conducta digna y de respeto mutuo entre docentes, estudiantes y trabajadores no docentes sin discriminaci\u00f3n ideol\u00f3gica, \u00e9tnica, religiosa o de otro tipo.<\/li>\n\n<li>Defender el prestigio, la jerarqu\u00eda y autonom\u00eda de la universidad.<\/li>\n\n<li>Defender y conservar el patrimonio art\u00edstico, cultural y material de la universidad.<\/li>\n\n<li>Los otros que dispongan las normas internas y normas dictadas por los \u00f3rganos competentes.<\/li><\/ul>","protected":false},"excerpt":{"rendered":"<p>Derechos de los Docentes Los profesores de la&nbsp;Universidad Nacional Aut\u00f3noma de Huanta&nbsp;gozan de los siguientes derechos: Deberes de los Docentes<\/p>\n","protected":false},"author":1,"featured_media":0,"parent":0,"menu_order":0,"comment_status":"closed","ping_status":"closed","template":"","meta":{"footnotes":""},"class_list":["post-16600","page","type-page","status-publish","hentry"],"_links":{"self":[{"href":"https:\/\/vpacademica.unah.edu.pe\/index.php?rest_route=\/wp\/v2\/pages\/16600","targetHints":{"allow":["GET"]}}],"collection":[{"href":"https:\/\/vpacademica.unah.edu.pe\/index.php?rest_route=\/wp\/v2\/pages"}],"about":[{"href":"https:\/\/vpacademica.unah.edu.pe\/index.php?rest_route=\/wp\/v2\/types\/page"}],"author":[{"embeddable":true,"href":"https:\/\/vpacademica.unah.edu.pe\/index.php?rest_route=\/wp\/v2\/users\/1"}],"replies":[{"embeddable":true,"href":"https:\/\/vpacademica.unah.edu.pe\/index.php?rest_route=%2Fwp%2Fv2%2Fcomments&post=16600"}],"version-history":[{"count":3,"href":"https:\/\/vpacademica.unah.edu.pe\/index.php?rest_route=\/wp\/v2\/pages\/16600\/revisions"}],"predecessor-version":[{"id":16736,"href":"https:\/\/vpacademica.unah.edu.pe\/index.php?rest_route=\/wp\/v2\/pages\/16600\/revisions\/16736"}],"wp:attachment":[{"href":"https:\/\/vpacademica.unah.edu.pe\/index.php?rest_route=%2Fwp%2Fv2%2Fmedia&parent=16600"}],"curies":[{"name":"wp","href":"https:\/\/api.w.org\/{rel}","templated":true}]}}